2) to base 4.
102102123
What is 244311303 (base 5) in base 13?
31ac12
-7614228 (base 9) to base 12
-144b552
What is 3515772 (base 9) in base 8?
7177566
Convert -584445 (base 10) to base 13.
-176034
-dd817 (base 14) to base 7
-4363430
What is -10010100100000101010001 (base 2) in base 3?
-100011020102111
Convert 13104440 (base 5) to base 8.
373351
-1110000111011001 (base 2) to base 5
-3322232
1520200 (base 6) to base 5
10310300
32add9 (base 16) to base 3
20020201222022
What is 4353355 (base 10) in base 7?
52000666
20770 (base 9) to base 4
3112320
What is -5434401 (base 6) in base 10?
-269281
What is -d7215 (base 14) in base 13?
-152322
Convert 10a3367 (base 11) to base 2.
111010101010101100000
What is 54631a (base 12) in base 16?
146a46
Convert -184902 (base 10) to base 16.
-2d246
78a9b (base 12) to base 13
580bb
Convert -2160 (base 7) to base 11.
-647
-1001101011110000010101 (base 2) to base 3
-11202222012011
Convert 32523 (base 6) to base 7.
16110
-83749 (base 10) to base 15
-19c34
What is -10ea329 (base 15) in base 3?
-211211110111110
Convert 103233333013 (base 4) to base 7.
62002063
Convert -274a856 (base 12) to base 3.
-112201001111010
Convert -421304 (base 7) to base 15.
-1674e
What is -30712 (base 10) in base 2?
-111011111111000
Convert -31002303333 (base 4) to base 12.
-118a993
5202511 (base 9) to base 8
12460130
Convert ef728 (base 16) to base 10.
980776
Convert -12526462 (base 8) to base 11.
-1640351
What is -7a8819 (base 13) in base 7?
-33452224
Convert 55765 (base 10) to base 6.
1110101
-3300d (base 15) to base 13
-58987
3340401 (base 6) to base 15
34e6a
110001011010100000011 (base 2) to base 15
21eb6d
Convert 11011110010110000010 (base 2) to base 10.
910722
What is 57855 (base 12) in base 15?
249e8
Convert 110011010110010010011 (base 2) to base 4.
12122302103
-3401b (base 12) to base 6
-1252035
Convert -1245211 (base 6) to base 5.
-4143201
3342170 (base 9) to base 6
102322100
Convert -322527 (base 8) to base 4.
-122111113
What is 1700453 (base 8) in base 4?
1320010223
4768 (base 13) to base 12
59a1
What is -5935 (base 11) in base 16?
-1e66
51750 (base 12) to base 4
121333230
What is 4798438 (base 12) in base 2?
110100111110010101101100
-23ce0 (base 16) to base 10
-146656
Convert 10250443 (base 7) to base 11.
544204
1041325 (base 10) to base 9
1856377
-c10a (base 14) to base 6
-413222
Convert 34aba (base 13) to base 4.
113200322
What is -4142a6 (base 14) in base 7?
-24465366
What is 101002233012 (base 4) in base 10?
4467654
-476041 (base 9) to base 14
-765ca
Convert -15367413 (base 9) to base 12.
-2696126
313201313010 (base 4) to base 10
14556612
What is 6872488 (base 11) in base 8?
55673317
11100011101010100001 (base 2) to base 6
31553105
-2d27ca (base 15) to base 12
-89483a
Convert 95fd (base 16) to base 2.
1001010111111101
Convert -83375 (base 14) to base 3.
-121001211000
What is 254066520 (base 7) in base 3?
1010100201120010
Convert 2c0137 (base 16) to base 5.
1214241040
-a71c8d (base 14) to base 11
-3210791
What is 1127546 (base 8) in base 16?
4af66
Convert -202122102101 (base 3) to base 7.
-3311503
Convert -10012201210 (base 3) to base 13.
-22a19
42310411 (base 5) to base 13
c50a9
Convert 15133212 (base 6) to base 3.
222200222222
Convert 44414131 (base 5) to base 16.
5ee3a
Convert 252330035 (base 7) to base 16.
f33aa9
Convert -2354b (base 12) to base 3.
-2102001212
Convert 68806 (base 15) to base 9.
556156
-400743 (base 9) to base 2
-111001110100000010
Convert 1ba47a0 (base 12) to base 10.
5938536
Convert 334515 (base 9) to base 14.
52d37
What is 562620 (base 9) in base 15?
69ad3
-3402146 (base 7) to base 4
-1212301100
What is -21ea (base 16) in base 11?
-6583
What is -11230235 (base 7) in base 10?
-982133
-1505021 (base 7) to base 8
-615226
Convert -33042001 (base 5) to base 6.
-10030453
What is -75e5c3 (base 16) in base 11?
-43a806a
-1011100001011001111 (base 2) to base 14
-9b83d
-9ee0f1 (base 16) to base 12
-35a1755
-72166 (base 11) to base 9
-170446
Convert -199dc (base 15) to base 6.
-1441200
What is -1213323213 (base 4) in base 6?
-13042503
a283b (base 12) to base 2
110011110000101111
Convert -1773475 (base 8) to base 6.
-15104513
What is 475047 (base 9) in base 14?
76231
Convert 84032 (base 15) to base 4.
1212023303
Convert 88b4 (base 13) to base 8.
45203
What is 1220110021112 (base 3) in base 10?
1012784
What is 68285 (base 11) in base 10?
98829
What is 2111201100 (base 3) in base 12?
24699
1101211130 (base 4) to base 6
11055032
23022141 (base 6) to base 5
134443200
660711 (base 9) to base 7
3231244
What is -10111001000110010 (base 2) in base 7?
-543204
Convert 61b792 (base 12) to base 2.
101110110011110011110
What is 20324152 (base 6) in base 4?
2033033210
What is -36094e (base 16) in base 12?
-1229466
Convert -18851 (base 13) to base 15.
-e155
Convert 55a04b0 (base 12) to base 10.
16382148
1110000101111101110010 (base 2) to base 3
20221200211111
Convert -16019bd (base 14) to base 8.
-51031703
What is 7cf2 (base 16) in base 8?
76362
Convert -1a9510 (base 11) to base 6.
-10505424
Convert 12340554 (base 7) to base 11.
6a491a
Convert -13404656 (base 8) to base 6.
-144400114
What is 108607 (base 9) in base 13?
239aa
421404112 (base 5) to base 2
110101010100111001111
Convert 17034b3 (base 12) to base 4.
102003230013
What is 21017242 (base 8) in base 5?
2120324130
Convert 22344132 (base 5) to base 8.
606355
513543 (base 8) to base 14
45c67
Convert -61881 (base 9) to base 13.
-15769
17eda (base 16) to base 9
158400
What is -1c7ad (base 15) in base 6?
-1553531
Convert 450942 (base 13) to base 11.
a13341
Convert -17651723 (base 8) to base 16.
-3f53d3
What is -144017 (base 9) in base 7?
-515134
What is -241530213 (base 6) in base 16?
-45b5a1
What is -20323002203 (base 4) in base 5?
-1044321404
-177457 (base 8) to base 4
-33330233
Convert 2515123 (base 7) to base 11.
201075
-11122011202 (base 3) to base 5
-10410003
Convert 1010000101111101010 (base 2) to base 16.
50bea
895c54 (base 14) to base 7
54435034
-20988c (base 16) to base 9
-4015280
Convert -21010002121 (base 3) to base 11.
-96238
What is -23623 (base 11) in base 8?
-102352
Convert 962465 (base 10) to base 2.
11101010111110100001
What is 1311300323 (base 5) in base 12?
10b8219
-10024312 (base 5) to base 13
-2a517
412426 (base 7) to base 8
211603
What is -1440ab5 (base 14) in base 4?
-211201201013
What is -1486ab (base 15) in base 13?
-288a37
-120b44 (base 15) to base 3
-1121212001001
12111011100 (base 3) to base 4
122113221
Convert -500155 (base 7) to base 10.
-84124
Convert 2541044 (base 9) to base 7.
14526211
Convert 163633a (base 11) to base 4.
22221030212
Convert -1971344 (base 12) to base 9.
-11088127
-1000011100000001110 (base 2) to base 7
-2231051
Convert 2003313233 (base 4) to base 2.
10000011110111101111
-54301424 (base 6) to base 3
-10000210111221
Convert 3844708 (base 9) to base 12.
851282
Convert 23a4d (base 15) to base 13.
3c9a0
-1101001101111001101010 (base 2) to base 16
-34de6a
1132504 (base 10) to base 2
100010100011111011000
-20143 (base 6) to base 16
-a5f
Convert 9bc793 (base 15) to base 11.
4217964
What is -135308 (base 10) in base 12?
-66378
Convert 5144614 (base 7) to base 10.
616333
What is -146a2 (base 13) in base 11?
-26a16
Convert -14736 (base 8) to base 9.
-10067
What is 6489412 (base 10) in base 11?
3732656
Convert 2c3fc6 (base 16) to base 6.
142053302
Convert -21370 (base 12) to base 16.
-aac4
Convert 223222022 (base 4) to base 16.
2ba8a
Convert -272691 (base 14) to base 6.
-44544131
What is -127a3 (base 13) in base 9?
-52008
What is 356148 (base 15) in base 8?
11567761
243044 (base 8) to base 13
2c006
Convert 3095ccc (base 13) to base 6.
1244054025
What is -651614 (base 11) in base 15?
-15893d
Convert 1353c8 (base 15) to base 16.
e2cdc
What is -2133262 (base 7) in base 2?
-111111100101111111
What is 610273 (base 16) in base 13?
1417a08
-2a76939 (base 11) to base 15
-6e010b
112012112110222 (base 3) to base 15
9e1bb5
Convert -542b76 (base 12) to base 7.
-14216031
What is -341350 (base 9) in base 3?
-101101101200
Convert -101110101101000001 (base 2) to base 12.
-92855
Convert -831000 (base 9) to base 7.
-4121514
What is -1630423 (base 7) in base 9?
-373787
Convert 455a99a (base 11) to base 4.
132130003030
-222111000 (base 3) to base 4
-10231